887. Calculate n(6).
-585
Let o(c) = -292640*c - 18728964. Calculate o(-64).
-4
Let l(p) = -6494*p + 1545565. Give l(238).
-7
Let p(o) = -o**3 + 195*o**2 - 29*o + 5309. Determine p(195).
-346
Let v(a) = -4*a**3 - 272*a**2 + 41*a + 2716. Give v(-68).
-72
Let n(j) = 35297*j - 670647. Give n(19).
-4
Let b(k) = 11900*k + 1416093. Calculate b(-119).
-7
Let i(m) = -8348*m - 309531. Give i(-37).
-655
Let o(b) = -b**3 + 357*b**2 + 15917*b - 14705. Determine o(397).
-16
Let g(f) = -2*f**3 + 374*f**2 - 6389*f + 810. Give g(168).
-30
Let u(l) = 109*l**2 + 6163*l - 216. What is u(-57)?
2634
Let t(q) = q**3 + 43*q**2 + 15608*q + 653782. Calculate t(-42).
10
Let g(p) = -19009*p + 1007471. Give g(53).
-6
Let l(b) = -10*b**2 + 379*b - 1489. Determine l(4).
-133
Let k(r) = 1880*r + 186112. Give k(-99).
-8
Let v(s) = -22035*s + 175825. Give v(8).
-455
Let o(h) = -1931*h + 17534. Give o(9).
155
Let o(r) = 128763*r + 18799388. Give o(-146).
-10
Let x(g) = -g**3 + 37*g**2 - 418*g - 29. What is x(19)?
-1473
Let g(r) = 237*r + 2132. Give g(-9).
-1
Let d(v) = -335*v + 1949. Give d(4).
609
Let x(l) = -411*l**2 + 14784*l + 375. Calculate x(36).
-57
Let o(a) = -2050*a + 38947. Determine o(19).
-3
Let t(b) = 21*b**2 - 173*b + 499. Calculate t(3).
169
Let k(w) = 10330*w + 413196. What is k(-40)?
-4
Let f(m) = m**2 + 2358*m + 25929. Calculate f(-11).
112
Let p(i) = -3234*i**2 - 3242*i + 4. Determine p(-1).
12
Let w(p) = -3*p**3 + 39*p**2 + 58*p - 45. Determine w(-2).
19
Let n(t) = t**2 + 1977*t + 50696. Calculate n(-26).
-30
Let a(y) = 20924*y + 14897869. Give a(-712).
-19
Let d(y) = -2*y**3 + 6*y**2 + 223*y + 1041. What is d(-5)?
326
Let a(p) = -p**2 + 15*p - 33. Calculate a(-21).
-789
Let s(p) = p**3 - 23*p + 162. Give s(-6).
84
Let s(f) = 252*f**3 - 1768*f**2 + 17*f + 84. Give s(7).
7
Let w(b) = -2*b**2 - 30747*b - 246044. Determine w(-8).
-196
Let f(r) = 762*r - 16881. What is f(21)?
-879
Let j(d) = 256125*d - 1280622. Give j(5).
3
Let z(r) = 122*r**2 - 466*r - 4073. Calculate z(8).
7
Let s(g) = -21*g**2 - 223*g + 6. What is s(0)?
6
Let n(f) = -f**2 + 17628*f - 1036524. What is n(59)?
47
Let n(c) = -73*c - 5197. Calculate n(-70).
-87
Let u(m) = -312808*m + 312811. Determine u(1).
3
Let x(l) = -2428*l + 10861. What is x(5)?
-1279
Let c(v) = -193*v**2 - 53468*v - 1419. What is c(-277)?
520
Let x(g) = -12958*g + 77729. Determine x(6).
-19
Let u(k) = 53*k**3 + 87*k**2 + 286*k + 9. What is u(-3)?
-1497
Let z(g) = -g**3 + 5*g**2 + 6*g - 52. Calculate z(4).
-12
Let y(o) = -288016*o + 4608252. Determine y(16).
-4
Let i(d) = -d**3 - 199*d + 880. Calculate i(6).
-530
Let x(o) = -251*o + 5756. What is x(32)?
-2276
Let g(v) = -349*v - 11390. Determine g(-33).
127
Let d(w) = -2*w**2 + 60*w + 2136. Give d(-21).
-6
Let m(y) = -6*y**3 + 70*y**2 + 9*y + 58. Calculate m(11).
641
Let m(h) = 1005*h - 88486. Calculate m(88).
-46
Let j(a) = 152*a - 18992. Give j(125).
8
Let u(p) = 319*p - 20010. What is u(52)?
-3422
Let h(z) = -8*z**3 + 267*z**2 + 428*z + 555. Determine h(35).
-390
Let i(v) = 154*v - 15619. Calculate i(103).
243
Let f(w) = 205*w**3 - 6*w**2 - 8*w - 10. Calculate f(-2).
-1658
Let g(j) = -j**2 - 12885*j - 9260433. Give g(-764).
11
Let z(c) = 61*c**2 - 2271*c + 258. Give z(37).
-260
Let h(l) = 16688*l + 400589. Determine h(-24).
77
Let z(w) = w**3 + 39*w**2 + 111*w - 1037. What is z(-35)?
-22
Let p(y) = y**3 + 11*y**2 - 257*y - 2863. Determine p(-12).
77
Let v(u) = -9*u**3 - 3306*u**2 + 12242*u - 397. Give v(-371).
-26
Let q(t) = -t**2 - 1197*t - 228238. Calculate q(-238).
4
Let y(g) = -2*g**3 - 110*g**2 + 96*g + 7748. Give y(-54).
-3268
Let t(h) = 19*h**3 - 249*h**2 + 7*h + 229. Give t(13).
-18
Let p(a) = a**3 + 50*a**2 + 490*a + 34291. Give p(-53).
-106
Let d(g) = -24*g**2 + 129*g + 184. Determine d(7).
-89
Let m(v) = -v**2 + 260*v + 49149. What is m(-127)?
0
Let g(w) = 53*w**2 - 611*w + 1825. What is g(3)?
469
Let z(b) = 4*b**3 - 273*b**2 + 48*b + 808. Determine z(68).
-552
Let c(u) = -u**3 - 7*u**2 - 76*u - 40. What is c(-7)?
492
Let h(z) = 593*z**2 - 86577*z - 195. Determine h(146).
-49
Let l(o) = -1104*o - 429648. Calculate l(-388).
-1296
Let q(v) = -123719*v - 618590. What is q(-5)?
5
Let j(k) = k**2 + 183*k + 6200. Determine j(-135).
-280
Let u(y) = 2*y**3 - 35*y**2 + 134*y + 147. Give u(11).
48
Let y(h) = -10*h**2 - 103*h + 81. Determine y(-13).
-270
Let y(r) = r**3 - 43*r**2 - 21*r + 563. Calculate y(43).
-340
Let u(a) = -1606*a + 317987. What is u(198)?
-1
Let d(n) = -n**3 - 50*n**2 - 114*n - 887. Give d(-48).
-23
Let a(n) = n**3 + 63*n**2 + 433*n - 474. What is a(-9)?
3
Let j(n) = n**2 + 181*n + 4399. Calculate j(-31).
-251
Let n(h) = -1506*h**2 + 52709*h + 22. What is n(35)?
-13
Let b(c) = -21*c**3 + 9*c**2 - 179*c + 707. Give b(4).
-1209
Let c(i) = -i**3 + 68*i**2 - 218*i + 1543. What is c(65)?
48
Let d(w) = -5*w**3 - 59*w**2 + 809*w + 9566. Give d(-12).
2
Let x(k) = 87*k**3 + 8009*k**2 + 479*k + 1743. Give x(-92).
-5
Let o(s) = 316*s - 4178. What is o(13)?
-70
Let r(z) = -34979*z - 279853. What is r(-8)?
-21
Let i(z) = 5059*z - 161879. Give i(32).
9
Let q(m) = m**2 - 37371*m + 261632. Give q(7).
84
Let o(w) = w**3 - 271*w**2 + 287*w - 6441. Determine o(270).
-1851
Let p(u) = u**3 + 386*u**2 + 13533*u + 3. What is p(-39)?
3
Let k(g) = -g**3 - 571*g**2 - 3948*g - 56. Calculate k(-7).
-56
Let n(w) = -37*w**2 - 528*w + 482. Calculate n(-14).
622
Let s(h) = -7*h**3 + 122*h**2 - 452*h + 13. Give s(12).
61
Let z(i) = -5*i**2 - 9999*i - 89827. What is z(-9)?
-241
Let h(m) = -m**3 - 160*m**2 + 832*m + 1723. Give h(-165).
568
Let p(b) = -b**3 + 340*b**2 - 6701*b + 570. Calculate p(319).
-68
Let x(a) = 2549*a + 415234. Determine x(-163).
-253
Let z(c) = -c**3 - 24*c**2 + 188*c + 698. Give z(8).
154
Let z(o) = 4567*o + 75158. Determine z(-16).
2086
Let u(d) = -685*d + 595269. Calculate u(869).
4
Let v(k) = k**3 + 201*k**2 - 3490*k + 289. Calculate v(16).
1
Let j(q) = 2*q**3 - 120*q**2 + 817*q + 110. Give j(8).
-10
Let n(i) = 266*i**2 + 1681*i + 1747. Give n(-5).
-8
Let z(m) = 153*m**2 - 222*m - 667. What is z(-3)?
1376
Let w(d) = -d**2 + 694*d - 71664. What is w(126)?
-96
Let g(s) = -s**3 - 12*s**2 - 170*s - 894. Determine g(-6).
-90
Let g(c) = -c**3 + 6*c**2 + 5*c - 63. Calculate g(-3).
3
Let t(j) = -379026*j - 9854667. Calculate t(-26).
9
Let z(m) = 1333*m + 178760. Give z(-134).
138
Let w(q) = -3*q**3 - 1071*q**2 + 6539*q + 1818. What is w(-363)?
3
Let y(w) = -11*w - 8351. Determine y(-757).
-24
Let t(u) = 77*u**3 - 2698*u**2 + 109*u - 136. Give t(35).
4
Let b(n) = 367*n**3 - 9*n**2 - 4*n + 32. Give b(2).
2924
Let b(m) = -14*m**3 - 46*m**2 + 197*m + 105. Determine b(5).
-1810
Let y(s) = s**3 - 21*s**2 - 1431*s - 966. Determine y(50).
-16
Let f(i) = -17*i**2 + 94*i - 24. Give f(-12).
-3600
Let p(k) = -12905*k - 309713. Calculate p(-24).
7
Let m(s) = -84*s - 3505. Calculate m(-41).
-61
Let s(x) = x**3 + 49*x**2 + 152*x + 592. Give s(-45).
1852
Let d(a) = -a**3 - 127*a**2 + 4097*a - 9275. Give d(-154).
119
Let n(p) = 4*p**2 - 4775*p + 534368. Give n(125).
-7
Let i(c) = -5*c**2 + 4808*c + 24314. Give i(-5).
149
Let p(g) = -2*g**3 - 33*g**2 + 21*g + 1123. What is p(0)?
1123
Let t(i) = 383*i**2 - 61699*i + 5799. What is t(161)?
3
Let p(n) = -n**3 - 25*n**2 - 38*n + 457. What is p(-21)?
-509
Let d(r) = -2*r**2 + 209*r - 486. Give d(102).
24
Let g(a) = -1413*a + 28238. What is g(20)?
-22
Let l(i) = 2*i**3 - 376*i**2 + 50*i - 9671. Give l(188).
-271
Let k(n) = 2*n**2 - 776*n + 24262. Calculate k(357).
2128
Let i(g) = -41605*g + 124782. Calculate i(3).
-33
Let a(q) = 4*q**2 + 345*q + 1736. Give a(-5).
111
Let i(a) = 2*a**3 - 42*a**2 + 48*a + 18. What is i(20)?
178
Let b(p) = -126*p**2 - 635*p - 17. What is b(-5)?
8
Let y(t) = -15028*t - 60124. What is y(-4)?
-12
Let f(r) = -r**3 - 22*r**2 - 41*r + 221. Determine f(-17).
-527
Let c(n) = -165*n + 3198. What is c(19)?
63
Let p(d) = -3999*d - 44755. What is p(-11)?
-766
Let m(f) = -53*f**2 - 50*f - 221. Calculate m(-4).
-869
Let u(d) = 3935*d - 283316. Calculate u(72).
4
Let h(p) = -166*p**3 - 19*p**2 - 36*p - 53. Calculate h(-2).
1271
Let w(a) = 171*a**2 - 31833*a + 36625. Determine w(185).
-5
Let i(o) = o**3 + 14*o**2 + 25*o + 9. What is i(-3)?
33
Let c(a) = 49*a**3 + 1423*a**2 + 68*a + 224. Determine c(-29).
-66
Let a(z) = -26